st common factor of 6 and l.
6
Let g(h) = 2*h + 21. Let k be g(-10). Let q be (-12)/(-2)*(-6)/(-9). What is the highest common factor of q and k?
1
Suppose -5*i + z - 18 = 0, -4 = 4*i + 2*z + 2. Let c be 12/14*(10 + i). What is the greatest common divisor of 2 and c?
2
Suppose 10 - 2 = 2*s + 2*f, 3*f + 9 = 0. Let h be 394/7 - 2/s. Let v(i) = -i + 4. Let b be v(-3). What is the greatest common divisor of b and h?
7
Suppose -17 = -4*m - 9. Let p(k) = 3*k**2 + 2*k + 1. Let f be p(-1). Calculate the greatest common factor of f and m.
2
Let k(a) = 25*a + 2. Let z be k(3). Let t(v) = 4*v + 2. Let j be t(-6). Let h = -11 - j. Calculate the highest common factor of h and z.
11
Suppose 0 = 3*v - 95 + 11. Let t = 41 - v. What is the highest common factor of 117 and t?
13
Suppose 5*c - 5 = 5. Let p be 6/c*(3 - 0). Calculate the highest common divisor of p and 36.
9
Suppose 2*k = 3*k + 66. Let a be 100/(-6)*k/4. Let o = 19 - -6. Calculate the highest common factor of a and o.
25
Let w = -5 + 117. What is the greatest common divisor of w and 16?
16
Suppose 13 = 2*x - 9. Let h be 7/35 + 1317/15. What is the greatest common factor of x and h?
11
Let d(i) = i**2 + i + 1. Let v be d(-4). Let a = 12 + 1. Calculate the greatest common factor of v and a.
13
Let g = -72 - -94. What is the highest common divisor of 55 and g?
11
Let m be 8/((-12)/(-30)*5). What is the highest common divisor of m and 4?
4
Let t = 3 - 6. Let p be (t/(-6))/(1/58). Let v = p + 16. Calculate the highest common divisor of v and 5.
5
Let m(b) = 4*b**3 + b**2 - 1. Let h be m(-1). Let j be (-6)/1 - (-1 + 1). Let o be (6 + 0)/(j/h). Calculate the highest common divisor of o and 20.
4
Let x be -4 - (-24 + 4 + -6). Calculate the highest common divisor of x and 33.
11
Suppose 8*n = 7*n + 4. Suppose -n - 5 = -h. Calculate the greatest common divisor of h and 81.
9
Suppose v = -4*v + 50. Suppose 0 = 5*c - 4*c + 5. Let z = c + v. What is the highest common divisor of 55 and z?
5
Suppose -3*p - 1 = -f + 2*p, -5*f + 5*p - 15 = 0. Let d be ((-2)/f)/((-3)/(-144)). Suppose 0 = -2*i + i + 3. What is the greatest common factor of d and i?
3
Suppose -20 = -3*a - 3*x + 43, -3*a = -x - 67. What is the greatest common divisor of a and 110?
22
Let b = -7 - -11. Suppose 77 + 59 = b*t. Suppose -5*v + 337 + 88 = 0. What is the greatest common divisor of v and t?
17
Let x = 40 - 35. What is the highest common divisor of 5 and x?
5
Let l be (1 + 0)/(3/9). Let j be l/(-6)*-22 + -2. Let c = j - -9. Calculate the highest common factor of c and 9.
9
Let n = -27 - -15. Let j be n/(1*(-2)/5). Calculate the greatest common divisor of j and 20.
10
Let p(h) = h**2 + 14*h - 12. Let l be p(-9). Let c be l*2/(-3) - -2. Suppose -2*z = -0*z - 32. Calculate the highest common divisor of z and c.
8
Let g = -4 + 24. What is the greatest common factor of 100 and g?
20
Let p = -21 - -35. Let u = 0 + 4. Let o = 10 + u. Calculate the greatest common factor of p and o.
14
Suppose 52 = -2*s + 4*s. Let k(l) = -53*l**3 + 2*l + 1. Let u be k(-1). Calculate the greatest common divisor of u and s.
26
Suppose 2*t = 3*d + 15, 4*d = -3*t - 0 - 3. Suppose t*a - 4*s - 53 = 0, 0 = a + a - 5*s - 47. Calculate the highest common divisor of a and 1.
1
Suppose 4*p = -4*o + 141 + 483, -5*p = -5*o - 760. What is the greatest common factor of 22 and p?
22
Suppose 5*g - z = 526, -g - 4*z - 424 = -5*g. Let f be -3*(-8 + 0 + 1). What is the highest common factor of g and f?
21
Suppose -w = 10 + 21. Let f = w + 44. Let v = 34 + -21. What is the greatest common divisor of f and v?
13
Suppose -5 = -2*z + z. Let a = 9 - z. What is the highest common factor of 4 and a?
4
Let s be (-2 - -1) + (0 - -12). What is the greatest common divisor of s and 33?
11
Let v(c) = c**3 - 3*c**2 + 4*c - 2. Let d be v(2). Calculate the greatest common factor of 14 and d.
2
Let s be (-12)/4*-3 + -3. Calculate the greatest common divisor of s and 42.
6
Suppose 5*q - 4*z - 64 = -3*z, -2*q + 29 = 3*z. Suppose -47 = -s - 5*x, 3*s - 5*x + 2*x = 159. What is the highest common factor of q and s?
13
Let q = 62 - 36. Calculate the highest common factor of 26 and q.
26
Suppose -4*k - n = -737, 2*k - 364 = n - 3*n. Suppose 165 = 5*c - k. What is the greatest common divisor of 14 and c?
14
Let g = 16 - 4. Let p be (7/(-2) - -3)*-6. Suppose -5*o - 2*u = -114, 123 = 5*o + 2*u - p*u. Calculate the greatest common factor of g and o.
12
Let y = -10 + 5. Let u(w) be the second derivative of w**4/12 + w**3/3 + 3*w. Let z be u(y). Calculate the greatest common divisor of z and 30.
15
Suppose 0 = 2*p + 3*p + 40. Let r be (2 + p)*-22 - -1. What is the greatest common divisor of 19 and r?
19
Suppose -y + 1 + 4 = 0. Let g be 3/((1 + 0)*-1). Let m be g/(-12) + 159/4. What is the greatest common divisor of y and m?
5
Suppose 18 = -2*u + 8, -5*b + 25 = -u. Suppose 3*q - 4 = 3*m - 73, q = b*m - 86. What is the highest common divisor of m and 42?
21
Suppose -8*j = 6*j - 7084. What is the greatest common factor of j and 46?
46
Let z(v) = -v**3 + 19*v**2 - 45*v - 8. Let o be z(16). What is the greatest common factor of 8 and o?
8
Let u be (-3)/(-7) + 3625/35. What is the highest common factor of u and 156?
52
Suppose -c - 2*c + 45 = 0. Let x(j) = 29*j - 9. Let m(t) = t**2 - 2*t - 9. Let g be m(5). Let o be x(g). What is the highest common factor of o and c?
15
Let i = 43 + -5. Suppose 4*d - i - 2 = 0. Suppose 0 = 2*w - 159 - 61. Calculate the greatest common divisor of d and w.
10
Let h(z) = -5*z - z**2 + 8 + 3 - 5*z + 0*z**2. Let y be h(-9). Suppose 0 = -0*s + 3*s - 180. Calculate the greatest common divisor of s and y.
20
Suppose 0*w - w - 4*f = 15, 5*f + 19 = -w. Calculate the greatest common divisor of 1 and w.
1
Let d = -5 + 2. Let n = d + 3. Let p(h) = -h + 5. Let z be p(n). What is the greatest common divisor of 5 and z?
5
Let j(b) = -4*b - 8. Let q be j(-5). Suppose d = 3*c + q - 72, -c + 4*d = -9. Calculate the greatest common divisor of 231 and c.
21
Suppose 0 = 3*x - 0*x - 342. What is the greatest common divisor of x and 19?
19
Let y = 16 - 7. Suppose 3 = -2*b + 3*b. Suppose 4*h = -5*w + 82, 2*h + 58 = -b*w + 6*w. What is the greatest common factor of w and y?
9
Suppose -3*f - 21 = -3*p, -f + 23 = 5*p - p. Let q(x) = x**3 + x**2 + 2*x + 15. Let n be q(0). What is the greatest common factor of p and n?
3
Suppose 0 = m + 4*m - 25. Suppose 3*r = -4*b - 12, m*b + 20 = r - 14. Let j(k) = -13*k + 6. Let i be j(b). Calculate the highest common divisor of i and 12.
12
Let r(h) = -h**3 - 6*h**2 + 4*h + 5. Let x be r(-7). Let v = -20 + x. Calculate the highest common divisor of v and 42.
6
Suppose c = -c - 2. Let q be ((-1)/c)/(3/294). What is the highest common divisor of q and 14?
14
Suppose 25 = 2*f - 5. Calculate the greatest common factor of f and 60.
15
Let c(m) = -m**3 - 6*m**2 - 5*m + 5. Let g be c(-5). Suppose -g*q + 3*q = -38. Calculate the highest common factor of 133 and q.
19
Let w be (-25)/(-2)*(-12)/(-10). Suppose -2*f = 3*f - 10. Suppose f*c - 90 = -0*c. What is the greatest common factor of w and c?
15
Suppose 8*n - 294 - 786 = 0. Calculate the greatest common divisor of 27 and n.
27
Let o be (-18)/4*-2 + 3. Let h(j) = -5*j**3 - j**2 - j - 1. Let b be h(-1). Calculate the highest common divisor of b and o.
4
Let y be (-1 - -1 - 2) + 18. Suppose j = -2*r + y, 0*j - 39 = -3*j - 3*r. What is the highest common divisor of j and 110?
10
Let c = 28 + -14. Let m(t) = -t**3 + 12*t**2 + 8*t + 16. Let v be m(12). What is the greatest common divisor of c and v?
14
Let l be (1 + 3 + 0)/(-2). Let q(a) = -15*a**3 - 4*a**2 - 3*a. Let k be q(l). Calculate the highest common divisor of k and 10.
10
Let f(y) = y + 48. Let s be f(0). Calculate the highest common factor of 6 and s.
6
Let t = -46 + 82. Calculate the greatest common divisor of 180 and t.
36
Let x(p) = 2*p**3 + 16*p**2 + 10*p + 12. Let z be x(-7). Let y(n) = n**2 + n + 4. Let i be y(3). What is the highest common factor of z and i?
8
Let j(q) be the second derivative of q**4/12 - q**3/6 + 36*q**2 + q. Let u = 12 + -12. Let a be j(u). Calculate the greatest common divisor of a and 9.
9
Let y = 4 - 2. Suppose -3*x - 3*v + 108 = 0, x - 10 = -y*v + 23. Suppose -5*w = -2*w - x. Calculate the highest common factor of w and 39.
13
Suppose 0 = -y + 43 